{"id":9640,"date":"2021-01-19T11:39:20","date_gmt":"2021-01-19T11:39:20","guid":{"rendered":"https:\/\/www.cabosalcoi.com\/?page_id=9640\/"},"modified":"2021-02-17T12:28:20","modified_gmt":"2021-02-17T12:28:20","slug":"qui-som","status":"publish","type":"page","link":"https:\/\/www.cabosalcoi.com\/ca\/qui-som\/","title":{"rendered":"Qui Som?"},"content":{"rendered":"<p>[vc_row full_width=&#8221;stretch_row_content_no_spaces&#8221; content_placement=&#8221;middle&#8221; overflow=&#8221;default&#8221; css=&#8221;.vc_custom_1590860294381{margin-top: -650px !important;padding-top: 400px !important;padding-bottom: 600px !important;background-image: url(https:\/\/www.cabosalcoi.com\/wp-content\/uploads\/3-2.jpg?id=8724) !important;background-position: center !important;background-repeat: no-repeat !important;background-size: cover !important;}&#8221;][vc_column overflow=&#8221;default&#8221;][\/vc_column][\/vc_row][vc_row full_width=&#8221;stretch_row_content&#8221; overflow=&#8221;default&#8221; css=&#8221;.vc_custom_1590860311587{background-color: #f4f4f4 !important;}&#8221;][vc_column width=&#8221;1\/5&#8243; overflow=&#8221;default&#8221;][\/vc_column][vc_column width=&#8221;3\/5&#8243; overflow=&#8221;default&#8221; css=&#8221;.vc_custom_1590860320615{margin-top: 80px !important;margin-bottom: 80px !important;}&#8221;][vc_column_text]Som un grup de festers, de les <strong>Festes de Moros i Cristians d&#8217;Alcoi<\/strong> que ens constitu\u00efm com a grup el dia 2 de mar\u00e7 del 2014, en la p\u00e0gina de Facebook, per a analitzar, real\u00e7ar i visualitzar la llabor del cap, l&#8217;esquadra i la banda de m\u00fasica en el acte de l\u2019arrancada en un escenari \u00fanic, el partidor, que molt poques persones poden veure en viu i en directe, emocions que es viuen en eixe lloc on es realitza la estrena de la gran obra teatral de l\u2019entr\u00e0.<\/p>\n<p>La nostra organitzaci\u00f3 est\u00e0 composta per, 40 associats i 10 socis que som els que contribu\u00efm, juntament amb els patrocinadors i col\u00b7laboradors a cobrir els gastos d&#8217;esta organitzaci\u00f3. Des de l&#8217;any 2017 som una societat sense \u00e0nim de lucre, perqu\u00e8 nostres patrocinadors i col\u00b7laboradors, puguen desgravar les seues aportacions.<\/p>\n<p>La nostra \u00fanica intenci\u00f3 \u00e9s cuidar i protegir, en la seua mesura adequada i per este orde, al p\u00fablic, les bandes de m\u00fasica i la figura del cap juntament amb la seua esquadra, dignificar i cuidar l&#8217;acte de l\u2019arrancada d&#8217;esquadra, que \u00e9s un acte inoblidable i \u00fanic que, molt poca gent pot veure i gr\u00e0cies als nostres v\u00eddeos ara \u00e9s possible que tot el que vullga, puga disfrutar dels nostres caps de arrancada amb tot el sentiment que ens oferixen en este escenari exclusiu del Partidor.<\/p>\n<p>Hem creat esta web, perqu\u00e8 podeu veure totes les arrancades des de, l&#8217;any 2015, en v\u00eddeos i fotografies que s\u00f3n uns records excepcionals per a tots els participants i per a tots els que disfrutem i ens emocionem d&#8217;estos moments, les arrancades.[\/vc_column_text][\/vc_column][vc_column width=&#8221;1\/5&#8243;][\/vc_column][\/vc_row]<\/p>\n","protected":false},"excerpt":{"rendered":"<p>[vc_row full_width=&#8221;stretch_row_content_no_spaces&#8221; content_placement=&#8221;middle&#8221; overflow=&#8221;default&#8221; css=&#8221;.vc_custom_1590860294381{margin-top: -650px !important;padding-top: 400px !important;padding-bottom: 600px !important;background-image: url(https:\/\/www.cabosalcoi.com\/wp-content\/uploads\/3-2.jpg?id=8724) !important;background-position: center !important;background-repeat: no-repeat !important;background-size: cover !important;}&#8221;][vc_column overflow=&#8221;default&#8221;][\/vc_column][\/vc_row][vc_row full_width=&#8221;stretch_row_content&#8221; overflow=&#8221;default&#8221; css=&#8221;.vc_custom_1590860311587{background-color: #f4f4f4 !important;}&#8221;][vc_column width=&#8221;1\/5&#8243; overflow=&#8221;default&#8221;][\/vc_column][vc_column width=&#8221;3\/5&#8243; overflow=&#8221;default&#8221; css=&#8221;.vc_custom_1590860320615{margin-top: 80px !important;margin-bottom: 80px !important;}&#8221;][vc_column_text]Som un grup de festers, de les Festes de Moros i Cristians&#8230;<\/p>\n","protected":false},"author":3,"featured_media":0,"parent":0,"menu_order":0,"comment_status":"closed","ping_status":"closed","template":"page-vc.php","meta":[],"_links":{"self":[{"href":"https:\/\/www.cabosalcoi.com\/ca\/wp-json\/wp\/v2\/pages\/9640"}],"collection":[{"href":"https:\/\/www.cabosalcoi.com\/ca\/wp-json\/wp\/v2\/pages"}],"about":[{"href":"https:\/\/www.cabosalcoi.com\/ca\/wp-json\/wp\/v2\/types\/page"}],"author":[{"embeddable":true,"href":"https:\/\/www.cabosalcoi.com\/ca\/wp-json\/wp\/v2\/users\/3"}],"replies":[{"embeddable":true,"href":"https:\/\/www.cabosalcoi.com\/ca\/wp-json\/wp\/v2\/comments?post=9640"}],"version-history":[{"count":2,"href":"https:\/\/www.cabosalcoi.com\/ca\/wp-json\/wp\/v2\/pages\/9640\/revisions"}],"predecessor-version":[{"id":9782,"href":"https:\/\/www.cabosalcoi.com\/ca\/wp-json\/wp\/v2\/pages\/9640\/revisions\/9782"}],"wp:attachment":[{"href":"https:\/\/www.cabosalcoi.com\/ca\/wp-json\/wp\/v2\/media?parent=9640"}],"curies":[{"name":"wp","href":"https:\/\/api.w.org\/{rel}","templated":true}]}}

<p>[vc_row full_width=&#8221;stretch_row_content_no_spaces&#8221; content_placement=&#8221;middle&#8221; overflow=&#8221;default&#8221; css=&#8221;.vc_custom_1590860294381{margin-top: -650px !important;padding-top: 400px !important;padding-bottom: 600px !important;background-image: url(https://www.cabosalcoi.com/wp-content/uploads/3-2.jpg?id=8724) !important;background-position: center !important;background-repeat: no-repeat !important;background-size: cover !important;}&#8221;][vc_column overflow=&#8221;default&#8221;][/vc_column][/vc_row][vc_row full_width=&#8221;stretch_row_content&#8221; overflow=&#8221;default&#8221; css=&#8221;.vc_custom_1590860311587{background-color: #f4f4f4 !important;}&#8221;][vc_column width=&#8221;1/5&#8243; overflow=&#8221;default&#8221;][/vc_column][vc_column width=&#8221;3/5&#8243; overflow=&#8221;default&#8221; css=&#8221;.vc_custom_1590860320615{margin-top: 80px !important;margin-bottom: 80px !important;}&#8221;][vc_column_text]Som un grup de festers, de les <strong>Festes de Moros i Cristians d&#8217;Alcoi</strong> que ens constituïm com a grup el dia 2 de març del 2014, en la pàgina de Facebook, per a analitzar, realçar i visualitzar la llabor del cap, l&#8217;esquadra i la banda de música en el acte de l’arrancada en un escenari únic, el partidor, que molt poques persones poden veure en viu i en directe, emocions que es viuen en eixe lloc on es realitza la estrena de la gran obra teatral de l’entrà.</p>
<p>La nostra organització està composta per, 40 associats i 10 socis que som els que contribuïm, juntament amb els patrocinadors i col·laboradors a cobrir els gastos d&#8217;esta organització. Des de l&#8217;any 2017 som una societat sense ànim de lucre, perquè nostres patrocinadors i col·laboradors, puguen desgravar les seues aportacions.</p>
<p>La nostra única intenció és cuidar i protegir, en la seua mesura adequada i per este orde, al públic, les bandes de música i la figura del cap juntament amb la seua esquadra, dignificar i cuidar l&#8217;acte de l’arrancada d&#8217;esquadra, que és un acte inoblidable i únic que, molt poca gent pot veure i gràcies als nostres vídeos ara és possible que tot el que vullga, puga disfrutar dels nostres caps de arrancada amb tot el sentiment que ens oferixen en este escenari exclusiu del Partidor.</p>
<p>Hem creat esta web, perquè podeu veure totes les arrancades des de, l&#8217;any 2015, en vídeos i fotografies que són uns records excepcionals per a tots els participants i per a tots els que disfrutem i ens emocionem d&#8217;estos moments, les arrancades.[/vc_column_text][/vc_column][vc_column width=&#8221;1/5&#8243;][/vc_column][/vc_row]</p>
